 6, what is 1 + -1010?
-1005
In base 14, what is c9 - -1a?
105
In base 12, what is -ab3 - 4?
-ab7
In base 15, what is 1 - 11?
-10
In base 9, what is -4728 + 0?
-4728
In base 10, what is -2 + 574?
572
In base 6, what is 555 + 30?
1025
In base 2, what is 1110111000 - 110?
1110110010
In base 16, what is -1c8 + -7?
-1cf
In base 8, what is 3 - 3174?
-3171
In base 11, what is 198 - -4a?
237
In base 11, what is 7 + -99a?
-993
In base 8, what is 1 - 10?
-7
In base 12, what is -1 + 303?
302
In base 11, what is 2384 + -2?
2382
In base 7, what is 15 - -21?
36
In base 5, what is -10 - 10331?
-10341
In base 8, what is 1516 - -5?
1523
In base 12, what is 11 + -15b?
-14a
In base 15, what is -14a + -10?
-15a
In base 5, what is -4120 - 2?
-4122
In base 16, what is 0 - -15?
15
In base 4, what is 0 + 20301?
20301
In base 11, what is 98 + 3?
a0
In base 8, what is -7 + -355?
-364
In base 8, what is 33 - 143?
-110
In base 6, what is 42 - -2?
44
In base 5, what is -3041 + -112?
-3203
In base 11, what is -110a - 3?
-1112
In base 8, what is 14 + -2?
12
In base 16, what is 1e - 0?
1e
In base 6, what is 521 + 4?
525
In base 9, what is -386 + -3?
-400
In base 9, what is -2 + 23?
21
In base 15, what is -b + -57?
-63
In base 10, what is -3 + 25?
22
In base 16, what is 9 - 3dc?
-3d3
In base 11, what is -2647 - 0?
-2647
In base 12, what is 13 + -72?
-5b
In base 15, what is 19 - 16?
3
In base 16, what is 32 + -2?
30
In base 8, what is 0 + 351?
351
In base 12, what is 1 + a7?
a8
In base 13, what is -572 - -2?
-570
In base 9, what is -313 + 5?
-307
In base 11, what is a + -44?
-35
In base 13, what is -2c0 - 2?
-2c2
In base 5, what is -2302 + -3?
-2310
In base 14, what is 70 + 3?
73
In base 16, what is -1343 - 2?
-1345
In base 6, what is -1 - -202?
201
In base 6, what is 1252 + -2?
1250
In base 14, what is 410 - 1?
40d
In base 15, what is -122 + 5?
-11c
In base 10, what is -91 + -2?
-93
In base 6, what is -220303 + 3?
-220300
In base 15, what is 68 + -3?
65
In base 6, what is 2352 + -4?
2344
In base 11, what is 4451 - -1?
4452
In base 6, what is -2552 - 3?
-2555
In base 10, what is -6 + 74?
68
In base 13, what is 58 + 0?
58
In base 11, what is -6 + -486?
-491
In base 11, what is -2a77 - -5?
-2a72
In base 3, what is -1011101 + 11?
-1011020
In base 14, what is 23a - 3?
237
In base 13, what is 9 - 34?
-28
In base 5, what is -2000 + -3?
-2003
In base 10, what is -1 + -202?
-203
In base 8, what is 52 + -4?
46
In base 14, what is 990 - -6?
996
In base 13, what is 7 - b1?
-a7
In base 3, what is -21011120 - 10?
-21011200
In base 3, what is 10 - 210100?
-210020
In base 16, what is -b + -439?
-444
In base 3, what is 202 - 1102?
-200
In base 10, what is 1579 - 11?
1568
In base 6, what is 2115 - -3?
2122
In base 3, what is -11 - 11200120?
-11200201
In base 4, what is 10003 + -21?
3322
In base 2, what is 1011101 - 10?
1011011
In base 5, what is -1100 - -1403?
303
In base 2, what is -11 + 10101011?
10101000
In base 12, what is 267 + 2?
269
In base 2, what is -101011001 - 11?
-101011100
In base 16, what is 0 - -347?
347
In base 12, what is 2 - -2132?
2134
In base 4, what is -30133 - 11?
-30210
In base 15, what is -112 + -7?
-119
In base 7, what is -4410 + 20?
-4360
In base 9, what is 15 + 14?
30
In base 3, what is -20 + -2221?
-10011
In base 14, what is 3 - -19d5?
19d8
In base 13, what is -13 + -2?
-15
In base 10, what is 9 + -3123?
-3114
In base 9, what is -13 + -136?
-150
In base 14, what is 4 - 88?
-84
In base 8, what is -26420 + 4?
-26414
In base 2, what is -111 + -11101100?
-11110011
In base 4, what is 100 - 1032?
-332
In base 5, what is 1 - 221?
-220
In base 3, what is 1100 - 210?
120
In base 12, what is -9999 - 1?
-999a
In base 10, what is -6 - 179?
-185
In base 11, what is -38 + 48?
10
In base 14, what is 3d9 - -1?
3da
In base 12, what is 43 + -6?
39
In base 14, what is 9a + -c8?
-2c
In base 5, what is 10 + -4211?
-4201
In base 16, what is 5 - 5?
0
In base 6, what is 1003 - 3?
1000
In base 13, what is 2 - 50?
-4b
In base 4, what is 203 - -2?
211
In base 9, what is -2 + 26?
24
In base 12, what is -10 + a8?
98
In base 7, what is -1343 + 0?
-1343
In base 9, what is 67 + -1?
66
In base 5, what is -1 + -22033?
-22034
In base 7, what is 5 + -256?
-251
In base 14, what is -375 - 5?
-37a
In base 14, what is -3 + 1da?
1d7
In base 7, what is 1031 + -3?
1025
In base 14, what is -19b + -2?
-19d
In base 9, what is -8257 - 2?
-8260
In base 9, what is 4 + 1504?
1508
In base 16, what is 136 + -e?
128
In base 4, what is 123 - -1?
130
In base 9, what is -5 - 1064?
-1070
In base 3, what is -122 - -212120?
211221
In base 7, what is -2465 - 5?
-2503
In base 8, what is -45 - -33?
-12
In base 9, what is 5 + -505?
-500
In base 6, what is 4 + -330?
-322
In base 12, what is -b3 + 2?
-b1
In base 4, what is -10 + 21?
11
In base 6, what is -1 - 3?
-4
In base 13, what is 2 - -1bb8?
1bba
In base 5, what is 4320 + 2?
4322
In base 7, what is 115 - -5?
123
In base 14, what is 1 - -65?
66
In base 15, what is -1 + d4?
d3
In base 11, what is -11385 + 3?
-11382
In base 14, what is 573 + 5?
578
In base 14, what is 1d52 + 2?
1d54
In base 10, what is -6460 - -2?
-6458
In base 14, what is 2 + -18?
-16
In base 12, what is 29 - -1?
2a
In base 9, what is 14 - -8?
23
In base 16, what is 18 - -35?
4d
In base 14, what is 13 - -153?
166
In base 14, what is 4 - 2c2?
-2bc
In base 7, what is 521 - -1?
522
In base 3, what is -110 - -1002?
122
In base 4, what is 10 - -1021?
1031
In base 14, what is 734 + -4?
730
In base 14, what is 172 + 1?
173
In base 10, what is -258 - -3?
-255
In base 16, what is 63 + 5?
68
In base 2, what is 0 - -10101110?
10101110
In base 12, what is 7b - -4?
83
In base 13, what is -a + -36?
-43
In base 16, what is 7 + -b7d?
-b76
In base 5, what is 223 - 0?
223
In base 8, what is 74 - -17?
113
In base 9, what is -155 - 20?
-175
In base 15, what is 582 - -2?
584
In base 2, what is -1011 + 1100?
1
In base 3, what is -2220 + 111?
-2102
In base 14, what is 20a + -3?
207
In base 12, what is 2 - 49?
-47
In base 11, what is -2353 + 5?
-2349
In base 9, what is -463 + 1?
-462
In base 12, what is 8618 + -4?
8614
In base 6, what is 2354 + -1?
2353
In base 9, what is -1162 - -4?
-1157
In base 13, what is 53 - -2?
55
In base 3, what is -1 - -122220?
122212
In base 3, what is 10 - 20202?
-20122
In base 9, what is 40 - 64?
-24
In base 5, what is 11 + 4?
20
In base 6, what is 5510 - -2?
5512
In base 7, what is 4 + -454?
-450
In base 12, what is 2 - 1b6?
-1b4
In base 10, what is 0 - -10?
10
In base 11, what is 23 + 48?
70
In base 9, what is -8673 + -4?
-8677
In base 2, what is 1000110 - -1000?
1001110
In base 10, what is 3 - 193?
-190
In base 14, what is -3 + d56?
d53
In base 4, what is -2212 - 23?
-2301
In base 3, what is -12 - -122?
110
In base 7, what is -334 + -104?
-441
In base 14, what is 40 + -76?
-36
In base 13, what is -98a + -3?
-990
In base 3, what is 10 - -11201?
11211
In base 13, what is -2030 - 1?
-2031
In base 14, what is 2 + -2?
0
In base 5, what is -124 - 2?
-131
In base 14, what is 2b + -b?
20
In base 2, what is 10 - -101010111101?
101010111111
In base 8, what is -1 + -777?
-1000
In base 5, what is -2041 + 3?
-2033
In base 12, what is 3 - 21?
-1a
In base 14, what is 2 + 33a5?
33a7
In base 9, what is -16 - 314?
-331
In base 7, what is -5515 - -16?
-5466
In base 15, what is 36ce - 1?
36cd
In base 10, what is 686 - 4?
682
In base 7, what is -6266 + -2?
-6301
In base 16, what is -a + -4fa?
-504
In base 8, what is -5 + -4?
-11
In base 5, what is -122 + 3?
-114
In base 4, what is -33 + 21?
-12
In base 16, what is 8ba - -2?
8bc
In base 5, what is -22 - 0?
-22
In base 7, what is -4 - -15500?
15463
In base 2, what is -10110000001 - 0?
-10110000001
In base 12, what is 14 + 145?
159
In base 15, what is -6 - da9?
-db0
In base 5, what is -1413 + 0?
-1413
In base 11, what is 55 - 74?
-1a
In base 11, what is a - 343?
-334
In base 9, what is -8271 + 5?
-8265
In base 13, what is 3 + -5a?
-57
In base 10, what is -911 - 4?
-915
In base 13, what is 4c2 - -5?
4c7
In base 6, what is 31 + -11?
20
In base 13, what is 3 - -24b3?
24b6
In base 4, what is -121223 + 3?
-121220
In base 3, what is 212 + -200?
12
In base 7, what is -4 + -254?
-261
In base 13, what is -10 - 15?
-25
In base 4, what is -231220 - 10?
-231230
In base 9, what is 2 